8. Determine m(12).
4
Let k(t) = -t**3 + 27*t**2 + 1691. Determine k(29).
9
Let r(j) = 3*j - 116. What is r(29)?
-29
Let y(p) = 10*p + 41. Determine y(4).
81
Let y(a) = -a**3 - 8*a**2 - 37*a - 405. Calculate y(-9).
9
Let p(v) = -v**2 - 6*v + 45. Calculate p(4).
5
Let p(g) = 3*g**3 - 58*g**2 - 298*g - 70. What is p(-4)?
2
Let m(s) = 2160*s - 107994. Determine m(50).
6
Let b(x) = x**2 - 768*x - 3858. What is b(-5)?
7
Let p(q) = 6*q**2 + 39*q + 54. What is p(-2)?
0
Let c(d) = -2*d**2 - 106*d - 877. Determine c(-9).
-85
Let v(n) = 332*n - 1215. Calculate v(4).
113
Let u(y) = 78*y - 9640. What is u(120)?
-280
Let a(w) = 11*w**2 + 17*w + 29. Determine a(-4).
137
Let v(w) = 18*w**2 - 848*w + 111. What is v(47)?
17
Let w(j) = -j**2 - 46*j + 309. Calculate w(-52).
-3
Let r(w) = 3*w**2 - 13*w - 33. Calculate r(-3).
33
Let r(m) = -115*m - 813. Determine r(-7).
-8
Let g(s) = 23*s + 201. What is g(-12)?
-75
Let x(t) = 17*t**2 - 3049*t + 7087. Determine x(177).
7
Let k(j) = -20*j + 2283. Determine k(111).
63
Let f(y) = 39*y - 288. Calculate f(7).
-15
Let x(g) = 91*g**2 - 12*g + 10. Calculate x(2).
350
Let f(x) = -12*x**2 + 142*x + 36. Determine f(12).
12
Let d(u) = 3*u**2 + 888*u - 6351. Determine d(-303).
12
Let t(m) = -m**2 - 942*m + 26168. Calculate t(27).
5
Let k(r) = -35*r + 217. Determine k(7).
-28
Let n(s) = 2*s**2 - 112*s + 1518. Give n(24).
-18
Let c(a) = -a**3 + 49*a**2 - 89*a - 4. Calculate c(47).
231
Let l(d) = -10*d**2 + 360*d + 21. Give l(36).
21
Let k(t) = 168*t + 2020. Determine k(-12).
4
Let m(f) = -f**2 + 27*f - 168. What is m(10)?
2
Let t(x) = 3*x + 103. Give t(-28).
19
Let d(s) = 119*s - 2022. What is d(17)?
1
Let i(b) = -763*b - 3801. What is i(-5)?
14
Let v(t) = 532*t + 128. Calculate v(-1).
-404
Let k(a) = a**3 + 100*a**2 + 194*a - 203. Give k(-98).
-7
Let r(a) = 426*a + 5109. Determine r(-12).
-3
Let r(f) = -13*f**3 - 1199*f**2 - 277*f - 68. Calculate r(-92).
24
Let y(f) = -56*f**2 - 223*f + 9. Determine y(-4).
5
Let i(z) = z**2 - 34*z - 6462. Calculate i(99).
-27
Let p(a) = -4*a**2 - 172*a - 206. Determine p(-42).
-38
Let t(z) = z**2 + 29*z - 653. Calculate t(-44).
7
Let t(x) = -x**3 + 24*x**2 - 39*x - 58. Calculate t(22).
52
Let w(d) = -8083*d + 40417. Give w(5).
2
Let z(o) = 2*o**2 - 29*o - 24. Calculate z(15).
-9
Let g(s) = 12*s + 204. What is g(-18)?
-12
Let t(s) = 6*s**2 - 755*s - 124. Determine t(126).
2
Let y(t) = 143*t - 1286. Determine y(9).
1
Let m(q) = 9*q**2 + 7*q - 3. Calculate m(4).
169
Let n(y) = -666*y - 93894. Calculate n(-141).
12
Let k(h) = 7805*h + 7802. Determine k(-1).
-3
Let l(x) = 8*x**2 - 14*x + 39. Calculate l(2).
43
Let p(u) = u**2 + 185*u + 1726. Give p(-10).
-24
Let l(i) = 8*i - 378. Give l(30).
-138
Let v(c) = 3*c**3 - 73*c**2 + 21*c + 60. Calculate v(24).
-12
Let p(i) = 7*i**3 - i**2 - 28*i - 52. Give p(-2).
-56
Let x(y) = -y**2 + 36*y + 535. What is x(-11)?
18
Let a(s) = 3*s**2 - 53*s + 25. Determine a(18).
43
Let r(t) = -5*t**2 - 26*t + 63. Give r(8).
-465
Let i(v) = 2*v**3 + 57*v**2 - 379*v - 5. Give i(-34).
165
Let m(r) = r**3 - 4*r**2 - 15*r + 27. Determine m(6).
9
Let t(v) = -4*v**2 - 95*v - 424. Give t(-18).
-10
Let s(t) = -3*t**2 - 91*t + 198. What is s(2)?
4
Let c(i) = -i**3 - 4*i**2 + 41*i + 197. Give c(-5).
17
Let q(n) = -n**3 + 5*n**2 + 3*n - 10. What is q(4)?
18
Let m(b) = 71*b - 570. Give m(13).
353
Let t(i) = 3*i**3 - 22*i**2 + 10*i - 34. What is t(7)?
-13
Let r(b) = -66*b**2 - 13*b + 13. Give r(1).
-66
Let y(i) = -i**3 - 13*i**2 - 35*i - 104. What is y(-7)?
-153
Let u(p) = -p**3 + 14*p**2 - 225*p + 896. Calculate u(5).
-4
Let r(s) = s**3 + s**2 - 5*s - 9. Give r(-3).
-12
Let q(o) = o**2 - 96*o - 1178. Determine q(108).
118
Let m(a) = 35*a + 1281. Determine m(-36).
21
Let w(m) = m**3 + 7*m**2 + 34*m + 157. What is w(-6)?
-11
Let a(g) = g**3 - 46*g**2 + 28*g + 691. Give a(45).
-74
Let o(w) = -w**3 + 4*w**2 + 19*w - 70. Calculate o(4).
6
Let z(q) = -2*q + 77. What is z(14)?
49
Let l(m) = 66*m**2 - 85*m + 31. Calculate l(1).
12
Let h(l) = 1538*l + 6143. Calculate h(-4).
-9
Let s(p) = 64*p + 60. Determine s(-17).
-1028
Let u(f) = 17*f**3 - 686*f**2 + 901*f - 156. Give u(39).
0
Let q(s) = -s**2 + 13*s + 37. Determine q(20).
-103
Let d(c) = -c**2 - 5*c + 353. Give d(16).
17
Let o(x) = 287*x**2 - 10. Calculate o(-1).
277
Let o(c) = -33*c**2 + 1350*c + 115. Calculate o(41).
-8
Let n(z) = z**2 + 1558*z + 38324. What is n(-25)?
-1
Let l(r) = r**3 + 18*r**2 - 30*r - 60. What is l(-19)?
149
Let u(l) = -l**2 - 38*l - 344. What is u(-15)?
1
Let z(w) = 1595*w - 3200. What is z(2)?
-10
Let o(u) = -u**2 - 235*u + 3230. Calculate o(13).
6
Let n(o) = -19*o - 927. Determine n(-48).
-15
Let t(j) = -j**2 + 151*j - 431. Calculate t(3).
13
Let w(g) = -17*g - 53. Give w(-5).
32
Let n(a) = -5*a**2 - 109*a - 166. Determine n(-20).
14
Let g(s) = s**3 + 13*s**2 + 7*s - 37. What is g(-7)?
208
Let d(q) = 191*q + 1262. What is d(-6)?
116
Let g(s) = 21*s**2 + 696*s + 68. Calculate g(-33).
-31
Let t(b) = 339*b + 4. Calculate t(1).
343
Let q(k) = 80*k - 169. Calculate q(4).
151
Let f(a) = 13*a + 81. Give f(-9).
-36
Let i(w) = 898*w + 1821. Determine i(-2).
25
Let k(d) = d**2 + 28*d - 762. What is k(17)?
3
Let m(r) = 84*r - 750. Give m(9).
6
Let m(j) = j**2 - 61*j - 364. What is m(-6)?
38
Let c(l) = 13*l - 271. What is c(24)?
41
Let c(t) = 103*t**2 - 5*t - 2. Calculate c(-1).
106
Let a(y) = -200*y**2 + 2401*y - 18. What is a(12)?
-6
Let l(p) = p**3 + 2*p**2 - 17*p - 40. Determine l(-4).
-4
Let g(o) = 9*o**2 + 5*o - 3. Determine g(3).
93
Let d(l) = 3*l + 135. Give d(-31).
42
Let t(r) = -15*r**2 + 512*r - 35. Calculate t(34).
33
Let a(v) = -v**3 + 36*v**2 + 37*v + 11. What is a(37)?
11
Let n(i) = -i**3 - 20*i**2 + 319*i - 193. Determine n(10).
-3
Let k(i) = 158*i + 3396. Determine k(-21).
78
Let d(r) = -r**3 - 11*r**2 + 101*r + 1096. Give d(-10).
-14
Let q(n) = n**2 - 476*n + 50864. Calculate q(314).
-4
Let c(h) = 42*h - 135. Calculate c(3).
-9
Let x(f) = -3*f**3 - 110*f**2 + 968*f - 11. Determine x(-44).
-11
Let h(p) = -p**3 - 12*p**2 + 1261*p - 30. Give h(30).
0
Let h(s) = 2*s**3 - s**2 + s. Give h(1).
2
Let x(i) = 7*i - 848. Calculate x(128).
48
Let r(p) = p**2 + 14*p - 2. Calculate r(-15).
13
Let h(u) = -u**2 + 98*u + 28. Determine h(0).
28
Let g(q) = -2*q**3 + 8*q**2 - 9*q + 100. What is g(6)?
-98
Let u(y) = -y**2 + 37*y + 1211. What is u(-21)?
-7
Let r(o) = -286*o - 1430. Calculate r(-5).
0
Let s(n) = -n**2 - 75*n - 51. Determine s(-74).
23
Let x(u) = 4909*u - 19602. Calculate x(4).
34
Let d(x) = -x**2 + 55*x + 3139. Calculate d(90).
-11
Let z(y) = 730*y + 37216. Calculate z(-51).
-14
Let j(r) = 1148*r - 4585. Give j(4).
7
Let g(t) = t**2 + 21*t - 80. Give g(-24).
-8
Let u(z) = 4*z**2 - 5*z - 27. What is u(5)?
48
Let v(b) = -29*b + 175. Determine v(6).
1
Let f(t) = 297*t + 9834. Give f(-33).
33
Let u(k) = -57*k**2 + 739*k - 33. Determine u(13).
-59
Let n(d) = -213*d + 339. Give n(3).
-300
Let p(y) = -5*y**2 - 12*y + 34. Determine p(2).
-10
Let x(n) = 3*n**3 + 140*n**2 - 56*n - 378. Calculate x(-47).
45
Let f(u) = -u**3 + 86*u**2 + 1171*u - 59. What is f(-12)?
1
Let r(l) = -2*l**2 - 18*l + 5265. What is r(47)?
1
Let r(x) = -2181*x - 10959. Determine r(-5).
-54
Let q(z) = -4*z**2 + 10*z - 19. Calculate q(3).
-25
Let y(i) = i**2 + 927*i + 6447. What is y(-7)?
7
Let l(o) = 2*o**3 - 234*o**2 + 1120*o + 8. Give l(112).
8
Let q(j) = 2*j**3 - 42*j**2 - 14*j + 283. Determine q(21).
-11
Let f(o) = 23*o**2 + 60*o - 15. Calculate f(-3).
12
Let d(j) = j**2 - 41*j + 226. Determine d(6).
16
Let p(c) = 4*c**3 - 21*c**2 + 3*c + 5. What is p(5)?
-5
Let j(s) = -s**3 + 7*s**2 + 20*s - 12. Calculate j(-4).
84
Let f(g) = 449*g - 83062. What is f(185)?
3
Let z(j) = 38*j**2 + 7*j + 7. Determine z(-1).
38
Let x(w) = 14*w - 203. Calculate x(10).
-63
Let h(d) = d**2 - 2*d - 812. Give h(-28).
28
Let m(t) = -t**2 + 153*t - 3991. Give m(34).
55
Let d(p) = 212*p + 13790. Determine d(-65).
10
Let x(s) = -113*s**2 + 82*s + 80. What is x(-1)?
-115
Let z(y) = -19*y - 1107. What is z(-38)?
-385
Let p(z) = -z**3 - 128*z**2 + 129*z - 5. What is p(-129)?
-5
Let v(t) = -84*t - 161. What is v(-4)?
175
Let q(g) = -9*g + 175. Give q(24).
-41
Let n(l) = -6090*l - 18262. Determine n(-3).
8
Let d(h) = -2*h**2 + 27*h - 116. What is d(8)?
-28
Let j(f) = 281*f**